{"id":2961,"date":"2025-06-04T22:53:07","date_gmt":"2025-06-04T20:53:07","guid":{"rendered":"https:\/\/www.alpobletot.cat\/botiga\/ca-la-paula\/?post_type=product&#038;p=2961"},"modified":"2025-06-15T11:22:55","modified_gmt":"2025-06-15T09:22:55","slug":"formatge-semicurat-serra-del-tormo","status":"publish","type":"product","link":"https:\/\/www.alpobletot.cat\/botiga\/ca-la-paula\/producte\/formatge-semicurat-serra-del-tormo\/","title":{"rendered":"FORMATGE SEMICURAT SERRA DEL TORMO"},"content":{"rendered":"<p>ELABORAT AMB LLET D&#8217;OVELLA DE RAMAT PROPI, UBICAT A LA TORRE DE L&#8217;ESPANYOL (RIBERA D&#8217;EBRE)<\/p>\n<p>Formatge de curaci\u00f3 mitjana, que presenta un gust suau, agradable i crem\u00f3s al paladar, amb un aroma molt caracter\u00edstic. De crosta, \u00e9s compacte al tall i pot presentar algun ull.<\/p>\n<p>Es comercialitza en formats de 500gr., 800gr. i 1.200gr.<\/p>\n","protected":false},"excerpt":{"rendered":"<p>ELABORAT AMB LLET D&#8217;OVELLA DE RAMAT PROPI, UBICAT A LA TORRE DE L&#8217;ESPANYOL (RIBERA D&#8217;EBRE) Formatge de curaci\u00f3 mitjana, que presenta un gust suau, agradable i crem\u00f3s al paladar, amb un aroma molt caracter\u00edstic. De crosta, \u00e9s compacte al tall i pot presentar algun ull. Es comercialitza en formats de 500gr., 800gr. i 1.200gr.<\/p>\n","protected":false},"featured_media":2871,"template":"","meta":{"_acf_changed":false},"product_brand":[],"product_cat":[15,26],"product_tag":[],"class_list":{"0":"post-2961","1":"product","2":"type-product","3":"status-publish","4":"has-post-thumbnail","6":"product_cat-alimentacio","7":"product_cat-formatge-i-lactis","9":"first","10":"instock","11":"taxable","12":"shipping-taxable","13":"purchasable","14":"product-type-simple"},"exclude_global_add_ons":false,"addons":[{"name":"Comentaris","type":"custom_textarea","position":0,"required":false,"title_format":"label","default":"","description_enable":true,"description":"Utilitzeu aquest espai per introduir comentaris addicionals sobre la comanda d\u2019aquest producte, que puguin ajudar a concretar millor el que necessiteu.","placeholder_enable":false,"placeholder":"","display":"select","restrictions_type":"any_text","adjust_price":false,"price":"","price_type":"flat_fee","restrictions":false,"min":"0","max":"0","options":[],"id":1741165014}],"acf":[],"_links":{"self":[{"href":"https:\/\/www.alpobletot.cat\/botiga\/ca-la-paula\/wp-json\/wp\/v2\/product\/2961","targetHints":{"allow":["GET"]}}],"collection":[{"href":"https:\/\/www.alpobletot.cat\/botiga\/ca-la-paula\/wp-json\/wp\/v2\/product"}],"about":[{"href":"https:\/\/www.alpobletot.cat\/botiga\/ca-la-paula\/wp-json\/wp\/v2\/types\/product"}],"wp:featuredmedia":[{"embeddable":true,"href":"https:\/\/www.alpobletot.cat\/botiga\/ca-la-paula\/wp-json\/wp\/v2\/media\/2871"}],"wp:attachment":[{"href":"https:\/\/www.alpobletot.cat\/botiga\/ca-la-paula\/wp-json\/wp\/v2\/media?parent=2961"}],"wp:term":[{"taxonomy":"product_brand","embeddable":true,"href":"https:\/\/www.alpobletot.cat\/botiga\/ca-la-paula\/wp-json\/wp\/v2\/product_brand?post=2961"},{"taxonomy":"product_cat","embeddable":true,"href":"https:\/\/www.alpobletot.cat\/botiga\/ca-la-paula\/wp-json\/wp\/v2\/product_cat?post=2961"},{"taxonomy":"product_tag","embeddable":true,"href":"https:\/\/www.alpobletot.cat\/botiga\/ca-la-paula\/wp-json\/wp\/v2\/product_tag?post=2961"}],"curies":[{"name":"wp","href":"https:\/\/api.w.org\/{rel}","templated":true}]}}

<p>ELABORAT AMB LLET D&#8217;OVELLA DE RAMAT PROPI, UBICAT A LA TORRE DE L&#8217;ESPANYOL (RIBERA D&#8217;EBRE)</p>
<p>Formatge de curació mitjana, que presenta un gust suau, agradable i cremós al paladar, amb un aroma molt característic. De crosta, és compacte al tall i pot presentar algun ull.</p>
<p>Es comercialitza en formats de 500gr., 800gr. i 1.200gr.</p>

<p>ELABORAT AMB LLET D&#8217;OVELLA DE RAMAT PROPI, UBICAT A LA TORRE DE L&#8217;ESPANYOL (RIBERA D&#8217;EBRE) Formatge de curació mitjana, que presenta un gust suau, agradable i cremós al paladar, amb un aroma molt característic. De crosta, és compacte al tall i pot presentar algun ull. Es comercialitza en formats de 500gr., 800gr. i 1.200gr.</p>
