{"id":2885,"date":"2025-05-30T07:48:02","date_gmt":"2025-05-30T05:48:02","guid":{"rendered":"https:\/\/www.alpobletot.cat\/botiga\/ca-la-paula\/?post_type=product&#038;p=2885"},"modified":"2025-06-15T11:12:12","modified_gmt":"2025-06-15T09:12:12","slug":"plantilla-preu-per-kg-copia","status":"publish","type":"product","link":"https:\/\/www.alpobletot.cat\/botiga\/ca-la-paula\/producte\/plantilla-preu-per-kg-copia\/","title":{"rendered":"MANDONGUILLAS MIXTES 40 g 18 u"},"content":{"rendered":"<p><span class=\"Y2IQFc\" lang=\"ca\"><strong>Producte fresc elaborat amb carn de porc i bov\u00ed picada, condimentat amb esp\u00e8cies.<\/strong> <\/span><\/p>\n<p><span class=\"Y2IQFc\" lang=\"ca\">CONSERVACI\u00d3:\u00a0<\/span><span class=\"Y2IQFc\" lang=\"ca\">Mantenir entre 0 i 4 \u00b0C. <\/span><\/p>\n<p><span class=\"Y2IQFc\" lang=\"ca\">MODE D&#8217;\u00daS: Cuinar abans del seu consum.\u00a0<\/span><span class=\"Y2IQFc\" lang=\"ca\">Un cop obert l&#8217;env\u00e0s consumir en 48 hores.<\/span><\/p>\n<p>FORMAT: Safata de 18 unitats. Pes unitari: 40 g<\/p>\n","protected":false},"excerpt":{"rendered":"<p>Producte fresc elaborat amb carn de porc i bov\u00ed picada, condimentat amb esp\u00e8cies. CONSERVACI\u00d3:\u00a0Mantenir entre 0 i 4 \u00b0C. MODE D&#8217;\u00daS: Cuinar abans del seu consum.\u00a0Un cop obert l&#8217;env\u00e0s consumir en 48 hores. FORMAT: Safata de 18 unitats. Pes unitari: 40 g<\/p>\n","protected":false},"featured_media":2714,"template":"","meta":{"_acf_changed":false},"product_brand":[],"product_cat":[15,16],"product_tag":[],"class_list":{"0":"post-2885","1":"product","2":"type-product","3":"status-publish","4":"has-post-thumbnail","6":"product_cat-alimentacio","7":"product_cat-carnisseria","9":"first","10":"instock","11":"taxable","12":"shipping-taxable","13":"purchasable","14":"product-type-simple"},"exclude_global_add_ons":false,"addons":[{"name":"Comentaris","type":"custom_textarea","position":0,"required":false,"title_format":"label","default":"","description_enable":true,"description":"Utilitzeu aquest espai per introduir comentaris addicionals sobre la comanda d\u2019aquest producte, que puguin ajudar a concretar millor el que necessiteu.","placeholder_enable":false,"placeholder":"","display":"select","restrictions_type":"any_text","adjust_price":false,"price":"","price_type":"flat_fee","restrictions":false,"min":"0","max":"0","options":[],"id":1741165014}],"acf":[],"_links":{"self":[{"href":"https:\/\/www.alpobletot.cat\/botiga\/ca-la-paula\/wp-json\/wp\/v2\/product\/2885","targetHints":{"allow":["GET"]}}],"collection":[{"href":"https:\/\/www.alpobletot.cat\/botiga\/ca-la-paula\/wp-json\/wp\/v2\/product"}],"about":[{"href":"https:\/\/www.alpobletot.cat\/botiga\/ca-la-paula\/wp-json\/wp\/v2\/types\/product"}],"wp:featuredmedia":[{"embeddable":true,"href":"https:\/\/www.alpobletot.cat\/botiga\/ca-la-paula\/wp-json\/wp\/v2\/media\/2714"}],"wp:attachment":[{"href":"https:\/\/www.alpobletot.cat\/botiga\/ca-la-paula\/wp-json\/wp\/v2\/media?parent=2885"}],"wp:term":[{"taxonomy":"product_brand","embeddable":true,"href":"https:\/\/www.alpobletot.cat\/botiga\/ca-la-paula\/wp-json\/wp\/v2\/product_brand?post=2885"},{"taxonomy":"product_cat","embeddable":true,"href":"https:\/\/www.alpobletot.cat\/botiga\/ca-la-paula\/wp-json\/wp\/v2\/product_cat?post=2885"},{"taxonomy":"product_tag","embeddable":true,"href":"https:\/\/www.alpobletot.cat\/botiga\/ca-la-paula\/wp-json\/wp\/v2\/product_tag?post=2885"}],"curies":[{"name":"wp","href":"https:\/\/api.w.org\/{rel}","templated":true}]}}