{"id":2171,"date":"2025-03-11T17:02:42","date_gmt":"2025-03-11T16:02:42","guid":{"rendered":"https:\/\/www.alpobletot.cat\/botiga\/ca-la-paula\/?post_type=product&#038;p=2171"},"modified":"2025-06-01T12:48:49","modified_gmt":"2025-06-01T10:48:49","slug":"ametlla-pelada-fruits-secs-puigdellivol","status":"publish","type":"product","link":"https:\/\/www.alpobletot.cat\/botiga\/ca-la-paula\/producte\/ametlla-pelada-fruits-secs-puigdellivol\/","title":{"rendered":"Ametlla pelada &#8211; Fruits secs Puigdellivol"},"content":{"rendered":"<p>Destaca pel seu exquisit sabor intens i dol\u00e7. El proc\u00e9s de deshidrataci\u00f3 a baixa temperatura conserva el seu aut\u00e8ntic sabor i color.<\/p>\n<p>Ideal com a aperitiu o per millorar els postres m\u00e9s exquisits, es presenta en un env\u00e0s especial per portar-lo a qualsevol lloc.<\/p>\n<p>Quantitat: 100 grs<\/p>\n","protected":false},"excerpt":{"rendered":"<p>Destaca pel seu exquisit sabor intens i dol\u00e7. El proc\u00e9s de deshidrataci\u00f3 a baixa temperatura conserva el seu aut\u00e8ntic sabor i color. Ideal com a aperitiu o per millorar els postres m\u00e9s exquisits, es presenta en un env\u00e0s especial per portar-lo a qualsevol lloc. Quantitat: 100 grs<\/p>\n","protected":false},"featured_media":2166,"template":"","meta":{"_acf_changed":false},"product_brand":[],"product_cat":[15,21],"product_tag":[],"class_list":{"0":"post-2171","1":"product","2":"type-product","3":"status-publish","4":"has-post-thumbnail","6":"product_cat-alimentacio","7":"product_cat-fruits-secs","9":"first","10":"instock","11":"taxable","12":"shipping-taxable","13":"purchasable","14":"product-type-simple"},"exclude_global_add_ons":false,"addons":[{"name":"Comentaris","type":"custom_textarea","position":0,"required":false,"title_format":"label","default":"","description_enable":true,"description":"Utilitzeu aquest espai per introduir comentaris addicionals sobre la comanda d\u2019aquest producte, que puguin ajudar a concretar millor el que necessiteu.","placeholder_enable":false,"placeholder":"","display":"select","restrictions_type":"any_text","adjust_price":false,"price":"","price_type":"flat_fee","restrictions":false,"min":"0","max":"0","options":[],"id":1741165014}],"acf":[],"_links":{"self":[{"href":"https:\/\/www.alpobletot.cat\/botiga\/ca-la-paula\/wp-json\/wp\/v2\/product\/2171","targetHints":{"allow":["GET"]}}],"collection":[{"href":"https:\/\/www.alpobletot.cat\/botiga\/ca-la-paula\/wp-json\/wp\/v2\/product"}],"about":[{"href":"https:\/\/www.alpobletot.cat\/botiga\/ca-la-paula\/wp-json\/wp\/v2\/types\/product"}],"wp:featuredmedia":[{"embeddable":true,"href":"https:\/\/www.alpobletot.cat\/botiga\/ca-la-paula\/wp-json\/wp\/v2\/media\/2166"}],"wp:attachment":[{"href":"https:\/\/www.alpobletot.cat\/botiga\/ca-la-paula\/wp-json\/wp\/v2\/media?parent=2171"}],"wp:term":[{"taxonomy":"product_brand","embeddable":true,"href":"https:\/\/www.alpobletot.cat\/botiga\/ca-la-paula\/wp-json\/wp\/v2\/product_brand?post=2171"},{"taxonomy":"product_cat","embeddable":true,"href":"https:\/\/www.alpobletot.cat\/botiga\/ca-la-paula\/wp-json\/wp\/v2\/product_cat?post=2171"},{"taxonomy":"product_tag","embeddable":true,"href":"https:\/\/www.alpobletot.cat\/botiga\/ca-la-paula\/wp-json\/wp\/v2\/product_tag?post=2171"}],"curies":[{"name":"wp","href":"https:\/\/api.w.org\/{rel}","templated":true}]}}

<p>Destaca pel seu exquisit sabor intens i dolç. El procés de deshidratació a baixa temperatura conserva el seu autèntic sabor i color.</p>
<p>Ideal com a aperitiu o per millorar els postres més exquisits, es presenta en un envàs especial per portar-lo a qualsevol lloc.</p>
<p>Quantitat: 100 grs</p>

<p>Destaca pel seu exquisit sabor intens i dolç. El procés de deshidratació a baixa temperatura conserva el seu autèntic sabor i color. Ideal com a aperitiu o per millorar els postres més exquisits, es presenta en un envàs especial per portar-lo a qualsevol lloc. Quantitat: 100 grs</p>
