{"id":1740,"date":"2025-02-03T12:07:35","date_gmt":"2025-02-03T11:07:35","guid":{"rendered":"https:\/\/www.alpobletot.cat\/botiga\/ca-la-paula\/?post_type=product&#038;p=1740"},"modified":"2025-04-02T10:57:16","modified_gmt":"2025-04-02T08:57:16","slug":"festuc-fruits-secs-puigdellivol","status":"publish","type":"product","link":"https:\/\/www.alpobletot.cat\/botiga\/ca-la-paula\/producte\/festuc-fruits-secs-puigdellivol\/","title":{"rendered":"Festuc &#8211; Fruits secs Puigdellivol"},"content":{"rendered":"<p>Els nostres festucs s\u00f3n elaborats amb cura mitjan\u00e7ant el nostre exclusiu proc\u00e9s de deshidrataci\u00f3 a baixa temperatura, caracter\u00edstic dels fruits secs Puigdell\u00edvol.<\/p>\n<p>La quantitat justa de sal afegida real\u00e7a el seu sabor i textura \u00fanics, alhora que conserva les seves excel\u00b7lents propietats nutricionals. A m\u00e9s, el nostre env\u00e0s \u00e9s molt pr\u00e0ctic per portar-los a qualsevol lloc.<\/p>\n<p>Quantitat: 100 grs<\/p>\n","protected":false},"excerpt":{"rendered":"<p>Els nostres festucs s\u00f3n elaborats amb cura mitjan\u00e7ant el nostre exclusiu proc\u00e9s de deshidrataci\u00f3 a baixa temperatura, caracter\u00edstic dels fruits secs Puigdell\u00edvol. La quantitat justa de sal afegida real\u00e7a el seu sabor i textura \u00fanics, alhora que conserva les seves excel\u00b7lents propietats nutricionals. A m\u00e9s, el nostre env\u00e0s \u00e9s molt pr\u00e0ctic per portar-los a qualsevol [&hellip;]<\/p>\n","protected":false},"featured_media":2170,"template":"","meta":{"_acf_changed":false},"product_brand":[],"product_cat":[15,21],"product_tag":[],"class_list":{"0":"post-1740","1":"product","2":"type-product","3":"status-publish","4":"has-post-thumbnail","6":"product_cat-alimentacio","7":"product_cat-fruits-secs","9":"first","10":"instock","11":"taxable","12":"shipping-taxable","13":"purchasable","14":"product-type-simple"},"exclude_global_add_ons":false,"addons":[{"name":"Comentaris","type":"custom_textarea","position":0,"required":false,"title_format":"label","default":"","description_enable":true,"description":"Utilitzeu aquest espai per introduir comentaris addicionals sobre la comanda d\u2019aquest producte, que puguin ajudar a concretar millor el que necessiteu.","placeholder_enable":false,"placeholder":"","display":"select","restrictions_type":"any_text","adjust_price":false,"price":"","price_type":"flat_fee","restrictions":false,"min":"0","max":"0","options":[],"id":1741165014}],"acf":[],"_links":{"self":[{"href":"https:\/\/www.alpobletot.cat\/botiga\/ca-la-paula\/wp-json\/wp\/v2\/product\/1740","targetHints":{"allow":["GET"]}}],"collection":[{"href":"https:\/\/www.alpobletot.cat\/botiga\/ca-la-paula\/wp-json\/wp\/v2\/product"}],"about":[{"href":"https:\/\/www.alpobletot.cat\/botiga\/ca-la-paula\/wp-json\/wp\/v2\/types\/product"}],"wp:featuredmedia":[{"embeddable":true,"href":"https:\/\/www.alpobletot.cat\/botiga\/ca-la-paula\/wp-json\/wp\/v2\/media\/2170"}],"wp:attachment":[{"href":"https:\/\/www.alpobletot.cat\/botiga\/ca-la-paula\/wp-json\/wp\/v2\/media?parent=1740"}],"wp:term":[{"taxonomy":"product_brand","embeddable":true,"href":"https:\/\/www.alpobletot.cat\/botiga\/ca-la-paula\/wp-json\/wp\/v2\/product_brand?post=1740"},{"taxonomy":"product_cat","embeddable":true,"href":"https:\/\/www.alpobletot.cat\/botiga\/ca-la-paula\/wp-json\/wp\/v2\/product_cat?post=1740"},{"taxonomy":"product_tag","embeddable":true,"href":"https:\/\/www.alpobletot.cat\/botiga\/ca-la-paula\/wp-json\/wp\/v2\/product_tag?post=1740"}],"curies":[{"name":"wp","href":"https:\/\/api.w.org\/{rel}","templated":true}]}}

<p>Els nostres festucs són elaborats amb cura mitjançant el nostre exclusiu procés de deshidratació a baixa temperatura, característic dels fruits secs Puigdellívol.</p>
<p>La quantitat justa de sal afegida realça el seu sabor i textura únics, alhora que conserva les seves excel·lents propietats nutricionals. A més, el nostre envàs és molt pràctic per portar-los a qualsevol lloc.</p>
<p>Quantitat: 100 grs</p>

<p>Els nostres festucs són elaborats amb cura mitjançant el nostre exclusiu procés de deshidratació a baixa temperatura, característic dels fruits secs Puigdellívol. La quantitat justa de sal afegida realça el seu sabor i textura únics, alhora que conserva les seves excel·lents propietats nutricionals. A més, el nostre envàs és molt pràctic per portar-los a qualsevol [&hellip;]</p>
